usands digit of 36762513?
2
What is the hundred thousands digit of 168413673?
4
What is the millions digit of 6412143125?
2
What is the ten millions digit of 24045975?
2
What is the hundred millions digit of 233716337?
2
What is the tens digit of 241556965?
6
What is the ten millions digit of 84954539?
8
What is the hundred millions digit of 348271587?
3
What is the units digit of 73597872?
2
What is the ten thousands digit of 1706445155?
4
What is the tens digit of 183798353?
5
What is the hundred millions digit of 181649024?
1
What is the ten thousands digit of 69006945?
0
What is the hundreds digit of 1545632632?
6
What is the hundred thousands digit of 18204298?
2
What is the thousands digit of 2248338307?
8
What is the ten thousands digit of 743723939?
2
What is the tens digit of 118998712?
1
What is the hundred thousands digit of 85795429?
7
What is the millions digit of 47100744?
7
What is the millions digit of 58462852?
8
What is the ten millions digit of 8835642660?
3
What is the ten millions digit of 41581874?
4
What is the thousands digit of 536358412?
8
What is the tens digit of 181933030?
3
What is the units digit of 403255520?
0
What is the ten millions digit of 75757407?
7
What is the units digit of 40397393?
3
What is the tens digit of 3414746358?
5
What is the hundreds digit of 44252182?
1
What is the ten millions digit of 223310229?
2
What is the hundred thousands digit of 552018433?
0
What is the tens digit of 1485690941?
4
What is the tens digit of 812481780?
8
What is the units digit of 27242221?
1
What is the ten millions digit of 29708190?
2
What is the hundreds digit of 2932495444?
4
What is the thousands digit of 63062361?
2
What is the tens digit of 45637956?
5
What is the units digit of 38412464?
4
What is the ten thousands digit of 144496520?
9
What is the thousands digit of 353020927?
0
What is the ten millions digit of 124311895?
2
What is the thousands digit of 590316213?
6
What is the thousands digit of 2324540482?
0
What is the ten thousands digit of 51181058?
8
What is the thousands digit of 4837678488?
8
What is the tens digit of 620632060?
6
What is the hundred thousands digit of 24052370?
0
What is the hundred thousands digit of 49647727?
6
What is the hundreds digit of 43422575?
5
What is the units digit of 126873613?
3
What is the hundreds digit of 776078878?
8
What is the millions digit of 1053710616?
3
What is the thousands digit of 47911621?
1
What is the thousands digit of 644932675?
2
What is the units digit of 655361270?
0
What is the hundred millions digit of 255112837?
2
What is the millions digit of 172187253?
2
What is the ten millions digit of 20921101?
2
What is the hundred thousands digit of 32899647?
8
What is the hundred millions digit of 631847012?
6
What is the ten thousands digit of 3492705951?
0
What is the ten thousands digit of 19915841?
1
What is the tens digit of 195603269?
6
What is the millions digit of 13175604?
3
What is the ten thousands digit of 921448635?
4
What is the tens digit of 93212463?
6
What is the hundreds digit of 241115005?
0
What is the hundred thousands digit of 77954135?
9
What is the tens digit of 584957215?
1
What is the millions digit of 81907690?
1
What is the hundreds digit of 37582948?
9
What is the hundred millions digit of 129668006?
1
What is the ten thousands digit of 161581486?
8
What is the hundred thousands digit of 116507795?
5
What is the hundreds digit of 59491984?
9
What is the units digit of 89966801?
1
What is the hundred thousands digit of 644273679?
2
What is the millions digit of 593739280?
3
What is the hundred millions digit of 4558554021?
5
What is the millions digit of 249331523?
9
What is the ten thousands digit of 16857033?
5
What is the tens digit of 1293719106?
0
What is the units digit of 937478956?
6
What is the ten thousands digit of 261710684?
1
What is the ten thousands digit of 33879750?
7
What is the ten millions digit of 63505465?
6
What is the ten thousands digit of 791357127?
5
What is the tens digit of 2208691428?
2
What is the ten thousands digit of 811759758?
5
What is the ten thousands digit of 35668694?
6
What is the hundred thousands digit of 1745240444?
2
What is the hundred thousands digit of 559939179?
9
What is the hundred thousands digit of 743810592?
8
What is the tens digit of 33397496?
9
What is the ten thousands digit of 142717659?
1
What is the millions digit of 21633943?
1
What is the hundred millions digit of 1308178338?
3
What is the hundred millions digit of 488200952?
4
What is the hundred millions digit of 208688765?
2
What is the thousands digit of 678771504?
1
What is the millions digit of 3479229211?
9
What is the units digit of 1977102520?
0
What is the billions digit of 1143429558?
1
What is the hundred thousands digit of 252371201?
3
What is the hundreds digit of 39109530?
5
What is the hundred thousands digit of 206219174?
2
What is the hundred millions digit of 191701534?
1
What is the units digit of 88248766?
6
What is the tens digit of 3352084634?
3
What is the thousands digit of 128446546?
6
What is the ten millions digit of 57967153?
5
What is the thousands digit of 7143277?
3
What is the hundreds digit of 286199844?
8
What is the millions digit of 15173102?
5
What is the hundred millions digit of 869730443?
8
What is the tens digit of 18842845?
4
What is the millions digit of 75281729?
5
What is the millions digit of 34396383?
4
What is the tens digit of 521463392?
9
What is the thousands digit of 194615781?
5
What is the ten millions digit of 3126261310?
2
What is the units digit of 127586146?
6
What is the hundred thousands digit of 325060613?
0
What is the tens digit of 97498368?
6
What is the hundreds digit of 531731784?
7
What is the hundred thousands digit of 4690162531?
1
What is the millions digit of 4823081222?
3
What is the ten millions digit of 38627421?
3
What is the units digit of 61708834?
4
What is the units digit of 3784987028?
8
What is the hundreds digit of 522785254?
2
What is the billions digit of 7256318616?
7
What is the hundred millions digit of 5396331316?
3
What is the thousands digit of 2065324116?
4
What is the units digit of 27460928?
8
What is the hundred thousands digit of 1719046806?
0
What is the millions digit of 600555869?
0
What is the hundreds digit of 36637872?
8
What is the hundreds digit of 43884075?
0
What is the hundreds digit of 279200849?
8
What is the hundred thousands digit of 1533365954?
3
What is the hundred thousands digit of 1224625119?
6
What is the ten millions digit of 476159632?
7
What is the ten thousands digit of 788986579?
8
What is the tens digit of 103525811?
1
What is the hundreds digit of 36205944?
9
What is the units digit of 402771499?
9
What is the hundred thousands digit of 1024741800?
7
What is the ten millions digit of 115907393?
1
What is the hundred millions digit of 748843372?
7
What is the hundreds digit of 881072385?
3
What is the ten millions digit of 87764682?
8
What is the ten millions digit of 712864408?
1
What is the tens digit of 250761172?
7
What is the hundred thousands digit of 191820588?
8
What is the tens digit of 3385691?
9
What is the hundreds digit of 1019236068?
0
What is the ten thousands digit of 3785297710?
9
What is the hundred millions digit of 1823410941?
8
What is the billions digit of 2777677866?
2
What is the ten thousands digit of 995838067?
3
What is the tens digit of 761091057?
5
What is the thousands digit of 28431705?
1
What is the units digit of 77465274?
4
What is the thousands digit of 290657684?
7
What is the thousands digit of 82156433?
6
What is the tens digit of 29499836?
3
What is the ten millions digit of 66532609?
6
What is the hundred thousands digit of 391997104?
9
What is the tens digit of 126565404?
0
What is the hundreds digit of 64314744?
7
What is the ten millions digit of 6552087097?
5
What is the units digit of 1035938799?
9
What is the hundreds digit of 2026701381?
3
What is the millions digit of 45761983?
5
What is the millions digit of 44452149?
4
What is the hundred thousands digit of 266915256?
9
What is the tens digit of 168709018?
1
What is the hundreds digit of 12001413?
4
What is the units digit of 951334223?
3
What is the thousands digit of 122685797?
5
Wha